15624 is divided by 668?
12
What is the remainder when 5005698 is divided by 38?
34
Calculate the remainder when 7890781 is divided by 147.
115
What is the remainder when 199351 is divided by 5048?
2479
What is the remainder when 109414 is divided by 5193?
361
Calculate the remainder when 4190834 is divided by 14352.
50
What is the remainder when 949413 is divided by 86257?
586
Calculate the remainder when 95702146 is divided by 4723.
4720
What is the remainder when 134795115 is divided by 16178?
19
Calculate the remainder when 137213 is divided by 7182.
755
Calculate the remainder when 141955 is divided by 10674.
3193
Calculate the remainder when 872608 is divided by 11320.
968
What is the remainder when 6469966 is divided by 344?
14
What is the remainder when 1297959 is divided by 64895?
59
Calculate the remainder when 2981704 is divided by 1490848.
8
Calculate the remainder when 705120 is divided by 5301.
87
Calculate the remainder when 6316163 is divided by 2957.
11
Calculate the remainder when 215182060 is divided by 129.
127
Calculate the remainder when 341614829 is divided by 7265.
7264
Calculate the remainder when 473202 is divided by 6029.
2940
Calculate the remainder when 15841199 is divided by 240.
239
What is the remainder when 148894 is divided by 1503?
97
What is the remainder when 2311463 is divided by 11674?
11
What is the remainder when 168985484 is divided by 3401?
3398
What is the remainder when 350580 is divided by 289?
23
What is the remainder when 26672108 is divided by 512925?
8
What is the remainder when 124177 is divided by 62034?
109
What is the remainder when 6862593 is divided by 31?
30
What is the remainder when 2481256 is divided by 7451?
73
Calculate the remainder when 2181896 is divided by 2078.
2074
What is the remainder when 1066336 is divided by 132?
40
Calculate the remainder when 3979874 is divided by 3551.
2754
What is the remainder when 515362 is divided by 1030?
362
Calculate the remainder when 4317281 is divided by 562.
559
Calculate the remainder when 567417 is divided by 8.
1
Calculate the remainder when 325090 is divided by 46376.
458
Calculate the remainder when 493498 is divided by 379.
40
Calculate the remainder when 427333 is divided by 38.
23
Calculate the remainder when 13750227 is divided by 4261.
4241
What is the remainder when 479024 is divided by 1769?
1394
Calculate the remainder when 45103 is divided by 784.
415
What is the remainder when 18900318 is divided by 1557?
1452
Calculate the remainder when 10383970 is divided by 205.
105
What is the remainder when 464812 is divided by 2612?
2488
What is the remainder when 14611867 is divided by 623?
25
Calculate the remainder when 2944 is divided by 473.
106
What is the remainder when 760090 is divided by 220?
210
Calculate the remainder when 42388289 is divided by 2206.
2205
What is the remainder when 2530801 is divided by 2593?
33
Calculate the remainder when 1131484 is divided by 134.
122
What is the remainder when 287701 is divided by 143656?
389
What is the remainder when 2782469 is divided by 3?
2
What is the remainder when 1235895 is divided by 41?
32
Calculate the remainder when 9511774 is divided by 54.
52
What is the remainder when 800983 is divided by 63?
1
What is the remainder when 4265100 is divided by 47?
38
What is the remainder when 3411361 is divided by 41?
38
Calculate the remainder when 1559541 is divided by 103965.
66
Calculate the remainder when 2395197 is divided by 6728.
29
What is the remainder when 154257656 is divided by 14023422?
14
Calculate the remainder when 4888421 is divided by 1123.
2
Calculate the remainder when 69305267 is divided by 1192.
3
What is the remainder when 1216607 is divided by 71561?
70
What is the remainder when 627904 is divided by 152?
144
Calculate the remainder when 11628 is divided by 3543.
999
What is the remainder when 1231213 is divided by 307797?
25
Calculate the remainder when 186428 is divided by 5190.
4778
Calculate the remainder when 99161 is divided by 2420.
2361
What is the remainder when 2082641 is divided by 445?
41
Calculate the remainder when 192238 is divided by 80.
78
What is the remainder when 53581832 is divided by 3827?
5
What is the remainder when 24378377 is divided by 177?
167
Calculate the remainder when 6707283 is divided by 12874.
12803
Calculate the remainder when 13329867 is divided by 4443285.
12
Calculate the remainder when 28316989 is divided by 352.
349
Calculate the remainder when 192342 is divided by 163.
2
Calculate the remainder when 172691 is divided by 1720.
691
Calculate the remainder when 1407663 is divided by 1658.
21
What is the remainder when 34743643 is divided by 1473?
1465
What is the remainder when 3153848 is divided by 103?
91
Calculate the remainder when 54489 is divided by 53980.
509
Calculate the remainder when 3613744 is divided by 407.
398
What is the remainder when 34182 is divided by 16083?
2016
Calculate the remainder when 382966 is divided by 1035.
16
Calculate the remainder when 5541494 is divided by 26.
10
What is the remainder when 177726 is divided by 88626?
474
Calculate the remainder when 269660 is divided by 134830.
0
Calculate the remainder when 18482042 is divided by 8.
2
Calculate the remainder when 188818 is divided by 45962.
4970
What is the remainder when 540890 is divided by 144?
26
Calculate the remainder when 1799790 is divided by 54530.
300
What is the remainder when 46409 is divided by 44945?
1464
Calculate the remainder when 1107006 is divided by 553210.
586
What is the remainder when 4388942 is divided by 4388938?
4
Calculate the remainder when 19557000 is divided by 6518973.
81
What is the remainder when 33189909 is divided by 410?
409
Calculate the remainder when 1397398 is divided by 165.
13
Calculate the remainder when 6949206 is divided by 20.
6
What is the remainder when 1113818 is divided by 1441?
1366
What is the remainder when 89077 is divided by 1374?
1141
Calculate the remainder when 18006415 is divided by 17.
15
What is the remainder when 313940 is divided by 11532?
2576
What is the remainder when 700544 is divided by 420?
404
What is the remainder when 109715 is divided by 1589?
74
What is the remainder when 35852008 is divided by 47?
32
What is the remainder when 74910034 is divided by 1?
0
What is the remainder when 79879 is divided by 19649?
1283
What is the remainder when 59189 is divided by 118?
71
Calculate the remainder when 1536130 is divided by 2748.
2746
Calculate the remainder when 2808 is divided by 109.
83
Calculate the remainder when 75630 is divided by 55.
5
Calculate the remainder when 304986 is divided by 337.
1
Calculate the remainder when 1404548 is divided by 1552.
1540
Calculate the remainder when 31903999 is divided by 1280.
1279
Calculate the remainder when 124144951 is divided by 279.
274
Calculate the remainder when 57072677 is divided by 172425.
2
What is the remainder when 18443452 is divided by 1001?
27
Calculate the remainder when 1095701645 is divided by 2346.
2345
Calculate the remainder when 544728 is divided by 135869.
1252
Calculate the remainder when 56397 is divided by 27527.
1343
What is the remainder when 32283753 is divided by 35?
33
What is the remainder when 83085 is divided by 831?
816
Calculate the remainder when 29393078 is divided by 25.
3
Calculate the remainder when 339022707 is divided by 971.
970
What is the remainder when 322027 is divided by 171?
34
Calculate the remainder when 44647 is divided by 12475.
7222
What is the remainder when 9140566 is divided by 89?
88
What is the remainder when 201238 is divided by 4027?
3915
What is the remainder when 27855 is divided by 5534?
185
What is the remainder when 15116638 is divided by 687119?
20
Calculate the remainder when 1130236 is divided by 530.
276
Calculate the remainder when 918120 is divided by 2203.
1672
Calculate the remainder when 681376 is divided by 1323.
31
What is the remainder when 2205613 is divided by 15?
13
What is the remainder when 33454067 is divided by 8363514?
11
What is the remainder when 30812 is divided by 371?
19
Calculate the remainder when 3049494 is divided by 2312.
2278
What is the remainder when 2205214 is divided by 39?
37
Calculate the remainder when 277548 is divided by